{"id":1334,"date":"2024-10-31T08:28:14","date_gmt":"2024-10-31T07:28:14","guid":{"rendered":"https:\/\/bortziriakberd.eus\/?post_type=kanpaina&#038;p=1334"},"modified":"2024-12-12T14:55:14","modified_gmt":"2024-12-12T13:55:14","slug":"landa-eremukoa-konplexurik-gabe","status":"publish","type":"kanpaina","link":"https:\/\/bortziriakberd.eus\/es\/kanpaina\/landa-eremukoa-konplexurik-gabe\/","title":{"rendered":"15 de octubre"},"content":{"rendered":"<p><span>Un a\u00f1o m\u00e1s, las Entidades Locales y Territoriales de Navarra con personal t\u00e9cnico de Igualdad nos sumamos a la celebraci\u00f3n del <u>D\u00eda Internacional de las Mujeres Rurales<\/u>, bajo el lema \u201c<em>Rurales y sin complejos \/ Landa eremukoak konplexurik gabe<\/em>\u201d para reconocer la contribuci\u00f3n decisiva de las mujeres en el desarrollo rural.<\/span><\/p>\n<p><span>Esta fecha reivindica y conmemora la lucha de las mujeres en el medio rural por alcanzar la igualdad en la sociedad y con ella, se pretende rendir un merecido homenaje a las mujeres rurales reconociendo su papel estrat\u00e9gico en el desarrollo econ\u00f3mico, social y sostenible y en la fijaci\u00f3n de la poblaci\u00f3n en los municipios rurales. <\/span><\/p>\n<p><span>Ellas son agricultoras o ganaderas, tambi\u00e9n empresarias, emprendedoras, artistas, deportistas, cuidadoras, pol\u00edticas\u2026 Esta diversidad refleja el papel multifac\u00e9tico y vital que desempe\u00f1an en el desarrollo de sus comunidades. Por ejemplo, la participaci\u00f3n pol\u00edtica de las mujeres representa un 32% de las alcald\u00edas y presidencias de concejos, un 7,5%, m\u00e1s que la media estatal. Adem\u00e1s, las mujeres navarras lideran el emprendimiento rural: dos de<a href=\"https:\/\/www.noticiasdenavarra.com\/economia\/2023\/10\/19\/mujeres-lideran-emprendimiento-rural-navarra-7403488.html\"> cada tres emprendedoras rurales en Navarra son mujeres<\/a>.<\/span><\/p>\n<p><span>Por \u00faltimo, datos recientes indican que casi el doble de mujeres tiene m\u00e1s titulaciones superiores que los hombres, presentando una tasa de 52,7% con estudios universitarios, mientras que los hombres suponen un 45,3%. <\/span><\/p>\n<p><span>En este contexto, se est\u00e1 desarrollando el borrador de <u>Ley Foral de Desarrollo Rural<\/u> que contempla la incorporaci\u00f3n del <u>Estatuto de las Mujeres Rurales<\/u>, como un aspecto fundamental para reconocer y fortalecer el papel de las mujeres en el medio rural navarro. <\/span><\/p>\n<p><span>Esta normativa supone una oportunidad y una garant\u00eda para promover la igualdad de trato y oportunidades, con incentivos que favorezcan la presencia de mujeres en todos los sectores, potenciar el talento y la capacidad de innovaci\u00f3n de las mujeres rurales, mejorar la capacitaci\u00f3n y la formaci\u00f3n feminista en los territorios. Asimismo, resulta clave para acabar con las violencias simb\u00f3licas, entretejidas en el discurso, en las ideas y las representaciones inadecuadas de las mujeres rurales donde se las asocia con los roles tradicionalmente asignados.<\/span><\/p>\n<p><span>Por todo ello, las Entidades Locales y Territoriales de Navarra conmemoramos un a\u00f1o m\u00e1s este 15 de octubre, con el compromiso firme de trabajar pol\u00edticas p\u00fablicas de igualdad activas, transversales e interseccionales. Es fundamental situar a las mujeres rurales en una posici\u00f3n de igualdad real, considerando la diversidad y las circunstancias espec\u00edficas a la hora de desarrollarse personal y profesionalmente para mejorar sus condiciones de vida.<\/span><\/p>\n<p>&nbsp;<\/p>\n","protected":false},"featured_media":1337,"template":"","class_list":["post-1334","kanpaina","type-kanpaina","status-publish","has-post-thumbnail","hentry"],"acf":[],"_links":{"self":[{"href":"https:\/\/bortziriakberd.eus\/es\/wp-json\/wp\/v2\/kanpaina\/1334","targetHints":{"allow":["GET"]}}],"collection":[{"href":"https:\/\/bortziriakberd.eus\/es\/wp-json\/wp\/v2\/kanpaina"}],"about":[{"href":"https:\/\/bortziriakberd.eus\/es\/wp-json\/wp\/v2\/types\/kanpaina"}],"wp:featuredmedia":[{"embeddable":true,"href":"https:\/\/bortziriakberd.eus\/es\/wp-json\/wp\/v2\/media\/1337"}],"wp:attachment":[{"href":"https:\/\/bortziriakberd.eus\/es\/wp-json\/wp\/v2\/media?parent=1334"}],"curies":[{"name":"wp","href":"https:\/\/api.w.org\/{rel}","templated":true}]}}

<p><span>Un año más, las Entidades Locales y Territoriales de Navarra con personal técnico de Igualdad nos sumamos a la celebración del <u>Día Internacional de las Mujeres Rurales</u>, bajo el lema “<em>Rurales y sin complejos / Landa eremukoak konplexurik gabe</em>” para reconocer la contribución decisiva de las mujeres en el desarrollo rural.</span></p>
<p><span>Esta fecha reivindica y conmemora la lucha de las mujeres en el medio rural por alcanzar la igualdad en la sociedad y con ella, se pretende rendir un merecido homenaje a las mujeres rurales reconociendo su papel estratégico en el desarrollo económico, social y sostenible y en la fijación de la población en los municipios rurales. </span></p>
<p><span>Ellas son agricultoras o ganaderas, también empresarias, emprendedoras, artistas, deportistas, cuidadoras, políticas… Esta diversidad refleja el papel multifacético y vital que desempeñan en el desarrollo de sus comunidades. Por ejemplo, la participación política de las mujeres representa un 32% de las alcaldías y presidencias de concejos, un 7,5%, más que la media estatal. Además, las mujeres navarras lideran el emprendimiento rural: dos de<a href="https://www.noticiasdenavarra.com/economia/2023/10/19/mujeres-lideran-emprendimiento-rural-navarra-7403488.html"> cada tres emprendedoras rurales en Navarra son mujeres</a>.</span></p>
<p><span>Por último, datos recientes indican que casi el doble de mujeres tiene más titulaciones superiores que los hombres, presentando una tasa de 52,7% con estudios universitarios, mientras que los hombres suponen un 45,3%. </span></p>
<p><span>En este contexto, se está desarrollando el borrador de <u>Ley Foral de Desarrollo Rural</u> que contempla la incorporación del <u>Estatuto de las Mujeres Rurales</u>, como un aspecto fundamental para reconocer y fortalecer el papel de las mujeres en el medio rural navarro. </span></p>
<p><span>Esta normativa supone una oportunidad y una garantía para promover la igualdad de trato y oportunidades, con incentivos que favorezcan la presencia de mujeres en todos los sectores, potenciar el talento y la capacidad de innovación de las mujeres rurales, mejorar la capacitación y la formación feminista en los territorios. Asimismo, resulta clave para acabar con las violencias simbólicas, entretejidas en el discurso, en las ideas y las representaciones inadecuadas de las mujeres rurales donde se las asocia con los roles tradicionalmente asignados.</span></p>
<p><span>Por todo ello, las Entidades Locales y Territoriales de Navarra conmemoramos un año más este 15 de octubre, con el compromiso firme de trabajar políticas públicas de igualdad activas, transversales e interseccionales. Es fundamental situar a las mujeres rurales en una posición de igualdad real, considerando la diversidad y las circunstancias específicas a la hora de desarrollarse personal y profesionalmente para mejorar sus condiciones de vida.</span></p>
<p>&nbsp;</p>
