{"id":2523,"date":"2025-06-23T13:00:18","date_gmt":"2025-06-23T12:00:18","guid":{"rendered":"https:\/\/bortziriakberd.eus\/?post_type=kanpaina&#038;p=2523"},"modified":"2026-02-22T09:35:13","modified_gmt":"2026-02-22T08:35:13","slug":"17-de-mayo-2","status":"publish","type":"kanpaina","link":"https:\/\/bortziriakberd.eus\/es\/kanpaina\/17-de-mayo-2\/","title":{"rendered":"17 de mayo"},"content":{"rendered":"<p><span style=\"letter-spacing: 0em;\"><strong>Todos los ayuntamientos de Bortziriak aprueban por unanimidad la declaraci\u00f3n institucional de este a\u00f1o<\/strong> <strong>con motivo del D\u00eda Internacional contra la LGTBI+fobia:<\/strong><\/span><\/p>\n<p>El 17 de mayo D\u00eda Internacional contra la LGTBI+fobia se conmemora un hito hist\u00f3rico de gran relevancia para las personas LGTBI+. En 1990 la Organizaci\u00f3n Mundial de la Salud dej\u00f3 de considerar la homosexualidad una enfermedad, lo que supuso un paso adelante en el reconocimiento de la dignidad y los derechos de las personas LGTBI+. No obstante, la despatologizaci\u00f3n de la transexualidad ha tenido que esperar a la \u00faltima actualizaci\u00f3n del Manual de clasificaci\u00f3n internacional de enfermedades (CIE-11) de la OMS en el a\u00f1o 2022, en el que segu\u00eda recogida dentro del apartado de trastornos mentales.<br \/>\nAs\u00ed, en una fecha como esta, el Gobierno de Navarra quiere mostrar su firme rechazo ante cualquier expresi\u00f3n de LGTBI+fobia, as\u00ed como su compromiso en la defensa, promoci\u00f3n y garant\u00eda de los derechos de las personas LGTBI+.<br \/>\nEn las \u00faltimas d\u00e9cadas se han logrado importantes avances con la aprobaci\u00f3n de leyes que reconocen y garantizan derechos a las personas LGTBI+ tanto en Navarra como en el estado y esto ha ido acompa\u00f1ado tambi\u00e9n de cambios a nivel social. Todo ello, fruto del trabajo coordinado y del compromiso tanto de los colectivos, a los que hay que reconocer y agradecer su incansable labor, como de las instituciones.<br \/>\nSin embargo, y pese a los logros conseguidos, el contexto actual supone un reto importante. Asistimos en el \u00faltimo tiempo a un aumento del registro de delitos de odio llegando a ser la segunda causa, seg\u00fan el \u00faltimo Informe sobre la evoluci\u00f3n de los delitos de odio del Ministerio del Interior. Asistimos, as\u00ed mismo, a una preocupante presencia y normalizaci\u00f3n de discursos antifeministas y LGTBI+f\u00f3bicos que buscan cuestionar los avances y derechos conquistados.<br \/>\nPara el Gobierno de Navarra los derechos LGTBI+ son derechos humanos y como tal deben ser protegidos y defendidos. Por ello, a trav\u00e9s de esta Declaraci\u00f3n, el Gobierno de Navarra quiere manifestar su rechazo ante cualquier expresi\u00f3n de discriminaci\u00f3n o violencia y reafirmar su compromiso con las pol\u00edticas p\u00fablicas LGTBI+ y la garant\u00eda y promoci\u00f3n de los derechos LGTBI+ para as\u00ed contribuir a hacer de Navarra una Comunidad m\u00e1s diversa e igualitaria<\/p>\n","protected":false},"featured_media":2520,"template":"","class_list":["post-2523","kanpaina","type-kanpaina","status-publish","has-post-thumbnail","hentry"],"acf":[],"_links":{"self":[{"href":"https:\/\/bortziriakberd.eus\/es\/wp-json\/wp\/v2\/kanpaina\/2523","targetHints":{"allow":["GET"]}}],"collection":[{"href":"https:\/\/bortziriakberd.eus\/es\/wp-json\/wp\/v2\/kanpaina"}],"about":[{"href":"https:\/\/bortziriakberd.eus\/es\/wp-json\/wp\/v2\/types\/kanpaina"}],"wp:featuredmedia":[{"embeddable":true,"href":"https:\/\/bortziriakberd.eus\/es\/wp-json\/wp\/v2\/media\/2520"}],"wp:attachment":[{"href":"https:\/\/bortziriakberd.eus\/es\/wp-json\/wp\/v2\/media?parent=2523"}],"curies":[{"name":"wp","href":"https:\/\/api.w.org\/{rel}","templated":true}]}}

<p><span style="letter-spacing: 0em;"><strong>Todos los ayuntamientos de Bortziriak aprueban por unanimidad la declaración institucional de este año</strong> <strong>con motivo del Día Internacional contra la LGTBI+fobia:</strong></span></p>
<p>El 17 de mayo Día Internacional contra la LGTBI+fobia se conmemora un hito histórico de gran relevancia para las personas LGTBI+. En 1990 la Organización Mundial de la Salud dejó de considerar la homosexualidad una enfermedad, lo que supuso un paso adelante en el reconocimiento de la dignidad y los derechos de las personas LGTBI+. No obstante, la despatologización de la transexualidad ha tenido que esperar a la última actualización del Manual de clasificación internacional de enfermedades (CIE-11) de la OMS en el año 2022, en el que seguía recogida dentro del apartado de trastornos mentales.<br />
Así, en una fecha como esta, el Gobierno de Navarra quiere mostrar su firme rechazo ante cualquier expresión de LGTBI+fobia, así como su compromiso en la defensa, promoción y garantía de los derechos de las personas LGTBI+.<br />
En las últimas décadas se han logrado importantes avances con la aprobación de leyes que reconocen y garantizan derechos a las personas LGTBI+ tanto en Navarra como en el estado y esto ha ido acompañado también de cambios a nivel social. Todo ello, fruto del trabajo coordinado y del compromiso tanto de los colectivos, a los que hay que reconocer y agradecer su incansable labor, como de las instituciones.<br />
Sin embargo, y pese a los logros conseguidos, el contexto actual supone un reto importante. Asistimos en el último tiempo a un aumento del registro de delitos de odio llegando a ser la segunda causa, según el último Informe sobre la evolución de los delitos de odio del Ministerio del Interior. Asistimos, así mismo, a una preocupante presencia y normalización de discursos antifeministas y LGTBI+fóbicos que buscan cuestionar los avances y derechos conquistados.<br />
Para el Gobierno de Navarra los derechos LGTBI+ son derechos humanos y como tal deben ser protegidos y defendidos. Por ello, a través de esta Declaración, el Gobierno de Navarra quiere manifestar su rechazo ante cualquier expresión de discriminación o violencia y reafirmar su compromiso con las políticas públicas LGTBI+ y la garantía y promoción de los derechos LGTBI+ para así contribuir a hacer de Navarra una Comunidad más diversa e igualitaria</p>
