{"id":3237,"date":"2026-02-20T17:23:19","date_gmt":"2026-02-20T16:23:19","guid":{"rendered":"https:\/\/bortziriakberd.eus\/?post_type=kanpaina&#038;p=3237"},"modified":"2026-02-26T11:57:55","modified_gmt":"2026-02-26T10:57:55","slug":"8m","status":"publish","type":"kanpaina","link":"https:\/\/bortziriakberd.eus\/es\/kanpaina\/8m\/","title":{"rendered":"8 DE MARZO"},"content":{"rendered":"<section class=\"l-section wpb_row height_medium\"><div class=\"l-section-h i-cf\"><div class=\"g-cols vc_row via_flex valign_top type_default stacking_default\"><div class=\"vc_col-sm-12 wpb_column vc_column_container\"><div class=\"vc_column-inner\"><div class=\"wpb_wrapper\"><div class=\"wpb_text_column\"><div class=\"wpb_wrapper\"><p><img loading=\"lazy\" decoding=\"async\" class=\"alignleft wp-image-3174 size-medium\" src=\"https:\/\/bortziriakberd.eus\/wp-content\/uploads\/2026\/02\/EUS_CAST_GENERAL-100-212x300.jpg\" alt=\"\" width=\"212\" height=\"300\" srcset=\"https:\/\/bortziriakberd.eus\/wp-content\/uploads\/2026\/02\/EUS_CAST_GENERAL-100-212x300.jpg 212w, https:\/\/bortziriakberd.eus\/wp-content\/uploads\/2026\/02\/EUS_CAST_GENERAL-100-724x1024.jpg 724w, https:\/\/bortziriakberd.eus\/wp-content\/uploads\/2026\/02\/EUS_CAST_GENERAL-100.jpg 843w\" sizes=\"auto, (max-width: 212px) 100vw, 212px\" \/>Con motivo del 8 de marzo, D\u00eda Internacional de las Mujeres, las Entidades Locales y Territoriales de Navarra queremos recordar una realidad fundamental: muchos de los derechos y libertades que hoy tenemos asumidos y que forman parte de nuestra vida cotidiana existen gracias a las luchas del movimiento feminista y a la organizaci\u00f3n colectiva de las mujeres a lo largo de la historia.<\/p>\n<p>En un contexto social en el que el feminismo es cuestionado o deslegitimado mediante discursos reduccionistas o abiertamente antifeministas, se debe reivindicar su papel decisivo en el desarrollo social, la extensi\u00f3n de derechos y el fortalecimiento del sistema democr\u00e1tico. El feminismo no es ajeno a la vida diaria ni una ideolog\u00eda pasajera: es una fuerza hist\u00f3rica que ha transformado la vida de todas las personas, hombres y mujeres, y ha hecho posible el presente en el que vivimos.<\/p>\n<p>A lo largo del \u00faltimo siglo, y no sin resistencias, el feminismo ha impulsado derechos fundamentales que hoy damos por seguros. Gracias a estas luchas, las mujeres lograron el derecho al voto y a la participaci\u00f3n pol\u00edtica; a la educaci\u00f3n en igualdad; al trabajo remunerado, a gestionar el dinero propio y a la autonom\u00eda econ\u00f3mica; a la libertad de movimiento; al divorcio; y al derecho a decidir sobre el propio cuerpo, incluidos aqu\u00ed los derechos sexuales y reproductivos. Asimismo, el feminismo ha sido clave para visibilizar y reivindicar el valor social y econ\u00f3mico del reparto de los cuidados, sin los cuales no se sostiene la vida.<\/p>\n<p>Ninguno de estos avances fue un regalo ni un proceso espont\u00e1neo. Son el resultado de 300 a\u00f1os de fundamentaci\u00f3n te\u00f3rica, reflexi\u00f3n cr\u00edtica, movilizaci\u00f3n y la perseverancia de generaciones de mujeres. Sin embargo, hoy proliferan discursos que deslegitiman, minimizan o niegan estas luchas, afirmando que la igualdad ya est\u00e1 conseguida o presentando el feminismo como una amenaza. Estos discursos no solo ignoran la historia, sino que ponen en riesgo derechos conquistados y dificultan el avance hacia una igualdad real y efectiva.<\/p>\n<p>Frente a ello, reafirmamos que el feminismo ha sido y sigue siendo un motor de cambio hacia la justicia social, que ha ampliado derechos no solo para las mujeres, sino para el conjunto de la sociedad. Reconocer su valor hist\u00f3rico y su vigencia actual es una responsabilidad institucional y democr\u00e1tica.<\/p>\n<p>Por todo ello, las Entidades Locales y Territoriales firmantes de esta declaraci\u00f3n asumimos los siguientes compromisos:<\/p>\n<p><strong>Impulsar acciones de sensibilizaci\u00f3n y comunicaci\u00f3n <\/strong>que pongan en valor los logros hist\u00f3ricos del feminismo y su impacto en la vida cotidiana, contribuyendo a una ciudadan\u00eda informada y cr\u00edtica frente a los discursos antifeministas.<\/p>\n<p><strong>Incorporar de manera transversal la perspectiva de g\u00e9nero <\/strong>en las pol\u00edticas p\u00fablicas locales, garantizando avances reales hacia la igualdad.<\/p>\n<p><strong>Reforzar la educaci\u00f3n en igualdad y en derechos humanos <\/strong>como herramienta clave para prevenir desigualdades y violencias, especialmente entre la poblaci\u00f3n m\u00e1s joven, poniendo siempre en valor la teor\u00eda e historia feminista.<\/p>\n<p><strong>Reconocer y apoyar el trabajo del movimiento feminista y asociativo<\/strong>, valorando su aportaci\u00f3n hist\u00f3rica y actual a la cohesi\u00f3n social, la justicia y la democracia.<\/p>\n<p>Estas acciones contribuir\u00e1n a construir una Navarra m\u00e1s justa, igualitaria y democr\u00e1tica, comprometida con la defensa y ampliaci\u00f3n de los derechos conquistados. Porque si hoy disfrutamos de derechos y libertades, es por la lucha colectiva. El feminismo nos trajo hasta aqu\u00ed. Sin feminismo no hay democracia plena.<\/p>\n<p>Gracias a \u00e9l, HOY PODEMOS SER, ESTAR, DECIR Y DECIDIR.<\/p>\n<\/div><\/div><div class=\"w-slider style_none fit_scaledown nav_none count_6\"><div class=\"w-slider-h\" aria-hidden=\"true\"><div class=\"royalSlider\"><div class=\"rsContent\"><a class=\"rsImg\" data-rsw=\"724\" data-rsh=\"1024\" href=\"https:\/\/bortziriakberd.eus\/wp-content\/uploads\/2026\/02\/EUS_CAST_VOTAR-100-724x1024.jpg\"><span data-alt=\"\"><\/span><\/a><\/div><div class=\"rsContent\"><a class=\"rsImg\" data-rsw=\"725\" data-rsh=\"1024\" href=\"https:\/\/bortziriakberd.eus\/wp-content\/uploads\/2026\/02\/EUS_CAST_ESTUDIOS-100-725x1024.jpg\"><span data-alt=\"\"><\/span><\/a><\/div><div class=\"rsContent\"><a class=\"rsImg\" data-rsw=\"724\" data-rsh=\"1024\" href=\"https:\/\/bortziriakberd.eus\/wp-content\/uploads\/2026\/02\/EUS_CAST_MOVERSE-100-724x1024.jpg\"><span data-alt=\"\"><\/span><\/a><\/div><div class=\"rsContent\"><a class=\"rsImg\" data-rsw=\"724\" data-rsh=\"1024\" href=\"https:\/\/bortziriakberd.eus\/wp-content\/uploads\/2026\/02\/EUS_CAST_DIVORCIO-100-724x1024.jpg\"><span data-alt=\"\"><\/span><\/a><\/div><div class=\"rsContent\"><a class=\"rsImg\" data-rsw=\"725\" data-rsh=\"1024\" href=\"https:\/\/bortziriakberd.eus\/wp-content\/uploads\/2026\/02\/EUS_CAST_DINERO-100-725x1024.jpg\"><span data-alt=\"\"><\/span><\/a><\/div><div class=\"rsContent\"><a class=\"rsImg\" data-rsw=\"725\" data-rsh=\"1024\" href=\"https:\/\/bortziriakberd.eus\/wp-content\/uploads\/2026\/02\/EUS_CAST_CUERPO-100-725x1024.jpg\"><span data-alt=\"\"><\/span><\/a><\/div><\/div><img decoding=\"async\" src=\"https:\/\/bortziriakberd.eus\/wp-content\/uploads\/2026\/02\/EUS_CAST_VOTAR-100-724x1024.jpg\" width=\"724\" height=\"1024\" alt loading=\"lazy\"><\/div><div class=\"w-slider-json\" onclick='return {&quot;autoScaleSlider&quot;:true,&quot;addActiveClass&quot;:true,&quot;loop&quot;:true,&quot;fadeInLoadedSlide&quot;:false,&quot;slidesSpacing&quot;:0,&quot;imageScalePadding&quot;:0,&quot;numImagesToPreload&quot;:2,&quot;arrowsNav&quot;:true,&quot;arrowsNavAutoHide&quot;:false,&quot;transitionType&quot;:&quot;move&quot;,&quot;transitionSpeed&quot;:250,&quot;block&quot;:{&quot;moveEffect&quot;:&quot;none&quot;,&quot;speed&quot;:300},&quot;thumbs&quot;:{&quot;fitInViewport&quot;:false,&quot;firstMargin&quot;:false,&quot;spacing&quot;:4},&quot;controlNavigation&quot;:&quot;none&quot;,&quot;autoScaleSliderWidth&quot;:724,&quot;autoScaleSliderHeight&quot;:1024}'><\/div><\/div><div class=\"wpb_text_column\"><div class=\"wpb_wrapper\"><div style=\"width: 1080px;\" class=\"wp-video\"><video class=\"wp-video-shortcode\" id=\"video-3237-1\" width=\"1080\" height=\"1350\" preload=\"metadata\" controls=\"controls\"><source type=\"video\/mp4\" src=\"https:\/\/bortziriakberd.eus\/wp-content\/uploads\/2026\/02\/WhatsApp-Video-2026-02-26-at-10.50.33-1.mp4?_=1\" \/><a href=\"https:\/\/bortziriakberd.eus\/wp-content\/uploads\/2026\/02\/WhatsApp-Video-2026-02-26-at-10.50.33-1.mp4\">https:\/\/bortziriakberd.eus\/wp-content\/uploads\/2026\/02\/WhatsApp-Video-2026-02-26-at-10.50.33-1.mp4<\/a><\/video><\/div>\n<\/div><\/div><\/div><\/div><\/div><\/div><\/div><\/section>\n","protected":false},"featured_media":3425,"template":"","class_list":["post-3237","kanpaina","type-kanpaina","status-publish","has-post-thumbnail","hentry"],"acf":[],"_links":{"self":[{"href":"https:\/\/bortziriakberd.eus\/es\/wp-json\/wp\/v2\/kanpaina\/3237","targetHints":{"allow":["GET"]}}],"collection":[{"href":"https:\/\/bortziriakberd.eus\/es\/wp-json\/wp\/v2\/kanpaina"}],"about":[{"href":"https:\/\/bortziriakberd.eus\/es\/wp-json\/wp\/v2\/types\/kanpaina"}],"wp:featuredmedia":[{"embeddable":true,"href":"https:\/\/bortziriakberd.eus\/es\/wp-json\/wp\/v2\/media\/3425"}],"wp:attachment":[{"href":"https:\/\/bortziriakberd.eus\/es\/wp-json\/wp\/v2\/media?parent=3237"}],"curies":[{"name":"wp","href":"https:\/\/api.w.org\/{rel}","templated":true}]}}

<section class="l-section wpb_row height_medium"><div class="l-section-h i-cf"><div class="g-cols vc_row via_flex valign_top type_default stacking_default"><div class="vc_col-sm-12 wpb_column vc_column_container"><div class="vc_column-inner"><div class="wpb_wrapper"><div class="wpb_text_column"><div class="wpb_wrapper"><p><img loading="lazy" decoding="async" class="alignleft wp-image-3174 size-medium" src="https://bortziriakberd.eus/wp-content/uploads/2026/02/EUS_CAST_GENERAL-100-212x300.jpg" alt="" width="212" height="300" srcset="https://bortziriakberd.eus/wp-content/uploads/2026/02/EUS_CAST_GENERAL-100-212x300.jpg 212w, https://bortziriakberd.eus/wp-content/uploads/2026/02/EUS_CAST_GENERAL-100-724x1024.jpg 724w, https://bortziriakberd.eus/wp-content/uploads/2026/02/EUS_CAST_GENERAL-100.jpg 843w" sizes="auto, (max-width: 212px) 100vw, 212px" />Con motivo del 8 de marzo, Día Internacional de las Mujeres, las Entidades Locales y Territoriales de Navarra queremos recordar una realidad fundamental: muchos de los derechos y libertades que hoy tenemos asumidos y que forman parte de nuestra vida cotidiana existen gracias a las luchas del movimiento feminista y a la organización colectiva de las mujeres a lo largo de la historia.</p>
<p>En un contexto social en el que el feminismo es cuestionado o deslegitimado mediante discursos reduccionistas o abiertamente antifeministas, se debe reivindicar su papel decisivo en el desarrollo social, la extensión de derechos y el fortalecimiento del sistema democrático. El feminismo no es ajeno a la vida diaria ni una ideología pasajera: es una fuerza histórica que ha transformado la vida de todas las personas, hombres y mujeres, y ha hecho posible el presente en el que vivimos.</p>
<p>A lo largo del último siglo, y no sin resistencias, el feminismo ha impulsado derechos fundamentales que hoy damos por seguros. Gracias a estas luchas, las mujeres lograron el derecho al voto y a la participación política; a la educación en igualdad; al trabajo remunerado, a gestionar el dinero propio y a la autonomía económica; a la libertad de movimiento; al divorcio; y al derecho a decidir sobre el propio cuerpo, incluidos aquí los derechos sexuales y reproductivos. Asimismo, el feminismo ha sido clave para visibilizar y reivindicar el valor social y económico del reparto de los cuidados, sin los cuales no se sostiene la vida.</p>
<p>Ninguno de estos avances fue un regalo ni un proceso espontáneo. Son el resultado de 300 años de fundamentación teórica, reflexión crítica, movilización y la perseverancia de generaciones de mujeres. Sin embargo, hoy proliferan discursos que deslegitiman, minimizan o niegan estas luchas, afirmando que la igualdad ya está conseguida o presentando el feminismo como una amenaza. Estos discursos no solo ignoran la historia, sino que ponen en riesgo derechos conquistados y dificultan el avance hacia una igualdad real y efectiva.</p>
<p>Frente a ello, reafirmamos que el feminismo ha sido y sigue siendo un motor de cambio hacia la justicia social, que ha ampliado derechos no solo para las mujeres, sino para el conjunto de la sociedad. Reconocer su valor histórico y su vigencia actual es una responsabilidad institucional y democrática.</p>
<p>Por todo ello, las Entidades Locales y Territoriales firmantes de esta declaración asumimos los siguientes compromisos:</p>
<p><strong>Impulsar acciones de sensibilización y comunicación </strong>que pongan en valor los logros históricos del feminismo y su impacto en la vida cotidiana, contribuyendo a una ciudadanía informada y crítica frente a los discursos antifeministas.</p>
<p><strong>Incorporar de manera transversal la perspectiva de género </strong>en las políticas públicas locales, garantizando avances reales hacia la igualdad.</p>
<p><strong>Reforzar la educación en igualdad y en derechos humanos </strong>como herramienta clave para prevenir desigualdades y violencias, especialmente entre la población más joven, poniendo siempre en valor la teoría e historia feminista.</p>
<p><strong>Reconocer y apoyar el trabajo del movimiento feminista y asociativo</strong>, valorando su aportación histórica y actual a la cohesión social, la justicia y la democracia.</p>
<p>Estas acciones contribuirán a construir una Navarra más justa, igualitaria y democrática, comprometida con la defensa y ampliación de los derechos conquistados. Porque si hoy disfrutamos de derechos y libertades, es por la lucha colectiva. El feminismo nos trajo hasta aquí. Sin feminismo no hay democracia plena.</p>
<p>Gracias a él, HOY PODEMOS SER, ESTAR, DECIR Y DECIDIR.</p>
</div></div><div class="w-slider style_none fit_scaledown nav_none count_6"><div class="w-slider-h" aria-hidden="true"><div class="royalSlider"><div class="rsContent"><a class="rsImg" data-rsw="724" data-rsh="1024" href="https://bortziriakberd.eus/wp-content/uploads/2026/02/EUS_CAST_VOTAR-100-724x1024.jpg"><span data-alt=""></span></a></div><div class="rsContent"><a class="rsImg" data-rsw="725" data-rsh="1024" href="https://bortziriakberd.eus/wp-content/uploads/2026/02/EUS_CAST_ESTUDIOS-100-725x1024.jpg"><span data-alt=""></span></a></div><div class="rsContent"><a class="rsImg" data-rsw="724" data-rsh="1024" href="https://bortziriakberd.eus/wp-content/uploads/2026/02/EUS_CAST_MOVERSE-100-724x1024.jpg"><span data-alt=""></span></a></div><div class="rsContent"><a class="rsImg" data-rsw="724" data-rsh="1024" href="https://bortziriakberd.eus/wp-content/uploads/2026/02/EUS_CAST_DIVORCIO-100-724x1024.jpg"><span data-alt=""></span></a></div><div class="rsContent"><a class="rsImg" data-rsw="725" data-rsh="1024" href="https://bortziriakberd.eus/wp-content/uploads/2026/02/EUS_CAST_DINERO-100-725x1024.jpg"><span data-alt=""></span></a></div><div class="rsContent"><a class="rsImg" data-rsw="725" data-rsh="1024" href="https://bortziriakberd.eus/wp-content/uploads/2026/02/EUS_CAST_CUERPO-100-725x1024.jpg"><span data-alt=""></span></a></div></div><img decoding="async" src="https://bortziriakberd.eus/wp-content/uploads/2026/02/EUS_CAST_VOTAR-100-724x1024.jpg" width="724" height="1024" alt loading="lazy"></div><div class="w-slider-json" onclick='return {&quot;autoScaleSlider&quot;:true,&quot;addActiveClass&quot;:true,&quot;loop&quot;:true,&quot;fadeInLoadedSlide&quot;:false,&quot;slidesSpacing&quot;:0,&quot;imageScalePadding&quot;:0,&quot;numImagesToPreload&quot;:2,&quot;arrowsNav&quot;:true,&quot;arrowsNavAutoHide&quot;:false,&quot;transitionType&quot;:&quot;move&quot;,&quot;transitionSpeed&quot;:250,&quot;block&quot;:{&quot;moveEffect&quot;:&quot;none&quot;,&quot;speed&quot;:300},&quot;thumbs&quot;:{&quot;fitInViewport&quot;:false,&quot;firstMargin&quot;:false,&quot;spacing&quot;:4},&quot;controlNavigation&quot;:&quot;none&quot;,&quot;autoScaleSliderWidth&quot;:724,&quot;autoScaleSliderHeight&quot;:1024}'></div></div><div class="wpb_text_column"><div class="wpb_wrapper"><div style="width: 1080px;" class="wp-video"><video class="wp-video-shortcode" id="video-3237-1" width="1080" height="1350" preload="metadata" controls="controls"><source type="video/mp4" src="https://bortziriakberd.eus/wp-content/uploads/2026/02/WhatsApp-Video-2026-02-26-at-10.50.33-1.mp4?_=1" /><a href="https://bortziriakberd.eus/wp-content/uploads/2026/02/WhatsApp-Video-2026-02-26-at-10.50.33-1.mp4">https://bortziriakberd.eus/wp-content/uploads/2026/02/WhatsApp-Video-2026-02-26-at-10.50.33-1.mp4</a></video></div>
</div></div></div></div></div></div></div></section>
